 l?
19
Let q be (-4)/(-1)*((-37)/(-2) + -11). Suppose -3*d - 5*v + 13 = -127, -4*d + v = -156. What is the highest common factor of d and q?
10
Let d = -156 + 229. Let a = d + -75. Let b(i) = 7*i**2 - 3*i - 5. Let u be b(a). Calculate the greatest common factor of u and 87.
29
Suppose 49*s - 51*s + 10 = 0. Suppose 0 = -s*b + 18 + 7. Suppose 4*r - a = 10, -2*r + a + 9 = 3. What is the highest common divisor of r and b?
1
Suppose 0 = -4*p - 3*p + 2*p + 190. What is the highest common divisor of p and 1539?
19
Suppose 24*v - 7*v = 85. Suppose -33 = -v*i - 8. What is the highest common divisor of i and 205?
5
Let p(j) = -15*j + 6. Let a be (2 - 70/15)*3/2. Let b be (-33*(-14)/(-63))/(a/(-6)). Let g be p(b). Calculate the highest common divisor of 19 and g.
19
Let m(h) = 3*h**2 + 9*h - 3. Let i be m(-8). Suppose -359 + i = -j. Let s be 8 + -23 - -5 - -32. What is the greatest common divisor of s and j?
22
Suppose -164 = 72*j + 72*j - 452. What is the highest common factor of j and 18?
2
Let a be (4 - -1 - 4)*(-11)/(55/(-910)). What is the highest common factor of 1898 and a?
26
Let n(y) = -21*y + 9. Let a be n(-7). Suppose a - 1081 = -5*l. Let x = -148 + l. What is the highest common divisor of 407 and x?
37
Suppose -182 + 137 = -d + 2*m, -4*d + 4*m + 168 = 0. Calculate the greatest common divisor of 22646 and d.
13
Let i(l) = l + 4. Let w be i(-9). Suppose -3*u - 2*u - 172 = k, 0 = -u - 3*k - 26. Let o = w - u. Calculate the greatest common factor of o and 120.
30
Suppose -5*y + 21 = a, 0 = 2*y - 7 - 3. Let v be (320/120)/(a/(-18)). What is the highest common factor of v and 6?
6
Let q(x) = 3*x**2 + 4*x - 14. Let n be q(4). Suppose -2*f + 54 = 3*l - 2*l, 0 = -4*l + 2*f + 196. What is the greatest common factor of n and l?
50
Let p(d) = 5*d**2 - 3*d**2 + 1 + 0. Let f be p(-2). Let w be (-5)/(-4 - f/(-6)). Calculate the greatest common factor of 4 and w.
2
Suppose 2376 = 49*y - 5*y. Let x be 6/9 + 774/y. Let k = 31 - 1. Calculate the highest common divisor of k and x.
15
Let a(d) = 147*d**2 + 24*d + 25. Let v be a(-3). What is the highest common divisor of v and 464?
116
Suppose -8*m - 30 = -46. Suppose -f + 71 = 2*f - w, 0 = m*f + 4*w - 52. What is the greatest common factor of f and 96?
24
Let z = -184 + 189. Suppose -4*t = -6*t. Suppose 3*n - 3*y = 9, -39 = -z*n - t*n - 3*y. What is the highest common divisor of 6 and n?
6
Let x = 276 - 87. Suppose -v + 10*v = x. Let l be -2*(1 + (-18)/4). What is the greatest common divisor of v and l?
7
Let j = -639 - -1519. What is the greatest common divisor of 308 and j?
44
Suppose -523*l - 109*l = -31600. Let x = 121 - -54. Calculate the greatest common factor of l and x.
25
Suppose 98*h + 48*h - 1753440 = 42*h. What is the greatest common divisor of 120 and h?
60
Let w(g) = -g**2 - 23*g + 177. Let t be w(6). Calculate the highest common factor of t and 1536.
3
Let w be (-17)/((-2 + 1)*15/30). Let c be -2 + -3*(-1 - 14). Let a = c - w. Calculate the greatest common factor of 3 and a.
3
Let a(q) = -3*q**3 - 51*q**2 - 55*q - 4. Let x be a(-16). Calculate the highest common divisor of x and 8289.
27
Let u(i) = -6*i + 92. Let g be u(7). Let p = 79 + 271. What is the greatest common factor of g and p?
50
Suppose 121 = -5*f + 3*y, 11*f - 3*y = 8*f - 69. Let z(q) = -10*q - 224. Let b be z(f). What is the greatest common divisor of b and 54?
18
Let r = -76124 + 121296. Calculate the highest common factor of r and 46.
46
Let u = -4200 - -4263. Calculate the greatest common divisor of 387 and u.
9
Let q be (-88)/506 + (-3761811)/(-529). What is the greatest common divisor of 13 and q?
13
Let r = 31873 - 31672. What is the highest common factor of r and 12?
3
Let x = 38 + -38. Suppose 3*a - 8*a + 110 = x. Suppose -5*n + 8 = -n. What is the greatest common divisor of a and n?
2
Let d = 9811 - 9754. What is the highest common divisor of 3211 and d?
19
Let h be (-8)/(-6)*(14 + (14 - -23)). What is the greatest common divisor of h and 404?
4
Suppose -5054*w + 5053*w = -242. What is the greatest common factor of 88 and w?
22
Let x be ((0 - 561)/11)/(-3). What is the greatest common factor of x and 52?
1
Let i be (5/(20/28))/((-3)/(-66)). Suppose -2*x - 3*o = -287, x - o - i = o. What is the highest common factor of x and 37?
37
Let l = -63 + 204. Suppose l*u = 136*u + 80. Calculate the highest common factor of u and 64.
16
Let y(g) = -5*g**2 + 28*g - 34. Let k(d) = -d**2 + 3*d + 1. Let x(n) = 6*k(n) - y(n). Let z be x(-13). What is the greatest common divisor of z and 61?
1
Suppose 224 = 6*m - 4*m. Let u(f) = 4*f - f**3 + 1 - 2*f - 13 + f + 6*f**2. Let s be u(5). What is the highest common divisor of s and m?
28
Suppose 3*i + 1 - 7 = 0. Let j be -1 - -4 - (i - 18). Suppose -86 = 27*o - 599. Calculate the highest common factor of j and o.
19
Let i = 4642 + -4581. What is the greatest common divisor of i and 3233?
61
Suppose 418*c + 3768 = 332*c + 24408. What is the highest common factor of c and 172?
4
Suppose 0*q - q + 4 = 0. Let m(v) = 29*v**3 + 350*v**2 + 25*v + 40. Let b be m(-12). What is the highest common factor of q and b?
4
Suppose 0 = 2*g - 20 + 16. Suppose 3*v + g = 11. Suppose -d - u = -83 - 18, -u + v = 0. Calculate the highest common divisor of d and 14.
14
Let j = -3350 - -3636. What is the greatest common factor of j and 39?
13
Suppose -5*p + 12279 = 2*j, 0 = -4*p + 3*j + 15293 - 5456. What is the highest common divisor of p and 182?
91
Let d be 259 - 0/(1*-1). Let a be ((-693)/(-18))/11*6918/21. Let o = a + -1116. Calculate the highest common factor of o and d.
37
Let d(v) = 11*v**2 + 388*v + 862. Let j be d(-33). Calculate the greatest common factor of 29119 and j.
37
Let r(v) = 215*v + 12018. Let b be r(-54). Calculate the highest common divisor of 986 and b.
34
Suppose 281*z + 4484 = 399*z. What is the greatest common divisor of 514 and z?
2
Suppose -4*h = 4*v - 772, -26*h + 21*h - 10 = 0. Calculate the greatest common divisor of v and 273.
39
Let z be 4/30 - (-7 + (-5540)/75). Suppose 4*d - j = z, 5*j + 6 = 7*j. Calculate the highest common factor of d and 42.
21
Let f(q) = -99*q - 3955. Let m be f(-40). Let w be ((-3630)/(-9))/((-2)/(-3)). Calculate the highest common factor of w and m.
5
Let q(k) = -k**3 - 2*k**2 + 7*k. Let m be q(-4). Suppose -4*l - 2*w = -3*w - 112, -l + 11 = m*w. Calculate the greatest common divisor of l and 27.
27
Suppose 11*i + 24422 = 152330. What is the greatest common factor of i and 9?
9
Let s(y) = y**3 - 15*y**2 - 38*y + 74. Let l be s(17). What is the highest common factor of l and 138?
6
Let l = 213 + -141. Suppose 2*f - 21 = -f - 3*h, 4*f = 5*h + 55. Let q be (7 - f - -6) + 45. What is the highest common factor of l and q?
24
Suppose -p + 31 = -u, -4*p + 6*u - u + 123 = 0. Let t = -13 - -17. What is the greatest common divisor of p and t?
4
Let l(i) = 127*i + 9355. Let f be l(-73). Calculate the highest common divisor of 9604 and f.
28
Let z(b) = -49*b - 1. Let y be z(-1). Let m = 424 - 268. Suppose -8*r - 5*r + m = 0. What is the highest common factor of y and r?
12
Suppose 2*a - 25 = -19, -5*q + 59 = 3*a. Let l(w) = w**3 - 3*w**2 - 58*w - 12. Let g be l(q). Calculate the greatest common factor of g and 135.
27
Let u be (1370/(-15))/((-148)/(-156) + -1). Calculate the highest common divisor of u and 104.
13
Suppose -5*f - 5*b + 940 = 0, f - 187 = -2*b + 7. Calculate the highest common divisor of 1222 and f.
26
Let u be (-28)/(-42) + ((-784)/(-3))/4. What is the highest common factor of u and 30?
6
Let g = 98 + -91. Let x(z) = z**2 - 6*z - 7. Let u be x(7). Let s be 36/45*(u + 70). Calculate the greatest common factor of s and g.
7
Let k be 6/4*80/60. Suppose 0 = -3*v + 3*r + 18, k*r - 7*r + 60 = 4*v. What is the highest common factor of v and 60?
10
Suppose 2*l - 19473 = 3*d, 5*d = -4*l + 34007 + 4928. What is the highest common factor of 5 and l?
5
Let u = 41 - -133. Let n = -110 + u. Calculate the highest common factor of n and 48.
16
Let y(t) = 22*t + 15*t + 28 + 26*t. Let m be y(2). Calculate the highest common factor of 14 and m.
14
Let x = 96 - 23. Let v = 2 + 1. Let k = x + v. Calculate the greatest common divisor of 19 and k.
19
Suppose 4*i + 5*w = 155, 5*i - 4*i = -5*w + 20. Let b = -42 + i. Suppose -b*a + 2*o + 138 = -2*o, 46 = a + o. What is the highest 